.
5, 53, 4616603
What are the prime factors of 55004108?
2, 907, 15161
What are the prime factors of 2366571696?
2, 3, 83, 167, 3557
List the prime factors of 227038426.
2, 257, 487, 907
What are the prime factors of 183366450?
2, 3, 5, 37, 3671
List the prime factors of 104048036.
2, 47, 553447
What are the prime factors of 34873216?
2, 7, 38921
List the prime factors of 144578185.
5, 28915637
List the prime factors of 1895758367.
67, 28294901
List the prime factors of 856309574.
2, 37, 307, 37693
What are the prime factors of 2049504475?
5, 83, 987713
List the prime factors of 119289990.
2, 3, 5, 811, 4903
What are the prime factors of 50886230?
2, 5, 283, 17981
List the prime factors of 2097474107.
151, 3607, 3851
List the prime factors of 1252300643.
11, 113845513
List the prime factors of 506523777.
3, 1559, 108301
List the prime factors of 856090196.
2, 13, 16463273
What are the prime factors of 1234236746?
2, 617118373
List the prime factors of 371971683.
3, 19, 263, 919
List the prime factors of 303017235.
3, 5, 37, 727, 751
What are the prime factors of 8060590?
2, 5, 806059
List the prime factors of 130082954.
2, 743, 87539
What are the prime factors of 54155043?
3, 761, 7907
List the prime factors of 846251092.
2, 17, 131, 94999
What are the prime factors of 1398087301?
13, 109, 463, 2131
What are the prime factors of 27440701?
131, 209471
What are the prime factors of 91101324?
2, 3, 281, 27017
What are the prime factors of 6034580927?
6034580927
What are the prime factors of 562258392?
2, 3, 1601, 14633
List the prime factors of 617311953.
3, 3121, 21977
What are the prime factors of 195667222?
2, 719, 136069
What are the prime factors of 198566103?
3, 17, 29, 134257
List the prime factors of 103635679.
7, 151, 98047
List the prime factors of 3110939916.
2, 3, 7, 2459, 15061
What are the prime factors of 40005900?
2, 3, 5, 11, 449
What are the prime factors of 371347225?
5, 383, 38783
List the prime factors of 209533309.
31, 6759139
List the prime factors of 396127051.
43, 1171, 7867
List the prime factors of 367894607.
541, 680027
What are the prime factors of 541833589?
11, 71, 101, 6869
List the prime factors of 216509182.
2, 108254591
What are the prime factors of 2023498308?
2, 3, 13, 12971143
What are the prime factors of 1096679506?
2, 13, 19, 2219999
List the prime factors of 103228065.
3, 5, 2293957
What are the prime factors of 2749094181?
3, 1697, 59999
What are the prime factors of 267512257?
37, 7230061
List the prime factors of 1828625950.
2, 5, 103, 355073
List the prime factors of 4626645919.
7, 14221, 46477
What are the prime factors of 693848215?
5, 43, 3227201
List the prime factors of 87259126.
2, 43, 1014641
List the prime factors of 4801000807.
19, 5413, 46681
List the prime factors of 582806588.
2, 7, 13, 228731
List the prime factors of 1944889616.
2, 109, 1115189
List the prime factors of 880135880.
2, 5, 13, 31, 71, 769
List the prime factors of 5269734366.
2, 3, 13, 43, 73, 21523
What are the prime factors of 1937820459?
3, 271, 347, 6869
What are the prime factors of 3596724963?
3, 13, 127, 242057
List the prime factors of 26940781.
7, 107, 35969
List the prime factors of 261640025.
5, 67, 181, 863
What are the prime factors of 219297063?
3, 1187, 61583
What are the prime factors of 184033?
73, 2521
What are the prime factors of 370956426?
2, 3, 937, 65983
List the prime factors of 89817247.
13, 97, 5479
List the prime factors of 95165803.
95165803
List the prime factors of 41793673.
19, 31, 70957
What are the prime factors of 208979109?
3, 2579989
List the prime factors of 931019854.
2, 2819, 165133
List the prime factors of 20863970.
2, 5, 2086397
What are the prime factors of 4182979362?
2, 3, 697163227
What are the prime factors of 1115287894?
2, 7, 23, 3463627
What are the prime factors of 70425298?
2, 97, 363017
List the prime factors of 1032638320.
2, 5, 7, 1843997
What are the prime factors of 40349758?
2, 37, 545267
What are the prime factors of 1043170609?
13, 17, 4720229
What are the prime factors of 1834694284?
2, 37, 193, 64231
What are the prime factors of 184703222?
2, 11, 8395601
What are the prime factors of 29868899?
73, 409163
List the prime factors of 469507132.
2, 59, 257, 7741
List the prime factors of 79601355.
3, 5, 19, 157, 593
List the prime factors of 71735627.
67, 1070681
What are the prime factors of 575836608?
2, 3, 947, 3167
List the prime factors of 687360546.
2, 3, 3191, 3989
What are the prime factors of 71015994?
2, 3, 7, 26839
List the prime factors of 200870595.
3, 5, 37, 223, 541
List the prime factors of 32975818.
2, 17, 969877
What are the prime factors of 125849173?
37, 3401329
What are the prime factors of 66991301?
13, 151, 34127
List the prime factors of 11330172.
2, 3, 7, 2141
List the prime factors of 40062314.
2, 197, 101681
List the prime factors of 976686186.
2, 3, 7, 29, 31, 25867
List the prime factors of 1618486471.
7, 23, 31, 83, 3907
List the prime factors of 166625541.
3, 37, 661, 757
What are the prime factors of 168946845?
3, 5, 23, 251, 1951
List the prime factors of 3072792608.
2, 853, 112573
List the prime factors of 123670132.
2, 37, 835609
What are the prime factors of 31628452?
2, 691, 11443
What are the prime factors of 974512563?
3, 1741, 186581
What are the prime factors of 315851819?
315851819
What are the prime factors of 332062077?
3, 110687359
What are the prime factors of 766157219?
31, 24714749
What are the prime factors of 9306831?
3, 61, 50857
List the prime factors of 2014829575.
5, 11, 109, 67217
List the prime factors of 2707265790.
2, 3, 5, 30080731
What are the prime factors of 66642181?
66642181
What are the prime factors of 492782507?
7, 1123, 62687
What are the prime factors of 1361207923?
31, 373, 117721
What are the prime factors of 680254219?
680254219
What are the prime factors of 614830896?
2, 3, 103, 41453
What are the prime factors of 175310628?
2, 3, 2687, 5437
What are the prime factors of 29534825?
5, 389, 3037
What are the prime factors of 532321882?
2, 353, 503, 1499
List the prime factors of 2238580827.
3, 7, 1692049
What are the prime factors of 266503404?
2, 3, 31, 127, 5641
List the prime factors of 182219894.
2, 37, 2462431
What are the prime factors of 503088823?
503088823
List the prime factors of 42118970.
2, 5, 239, 17623
List the prime factors of 132466327.
7, 37, 511453
List the prime factors of 7929268532.
2, 1982317133
What are the prime factors of 298892693?
11, 47, 617, 937
What are the prime factors of 15020161?
13, 59, 19583
List the prime factors of 2020968786.
2, 3, 37, 9103463
List the prime factors of 201520105.
5, 59, 683119
List the prime factors of 1011785373.
3, 112420597
What are the prime factors of 84739082?
2, 42369541
What are the prime factors of 187653066?
2, 3, 31275511
List the prime factors of 3646441502.
2, 11, 499, 332159
List the prime factors of 2404680996.
2, 3, 41, 4887563
What are the prime factors of 35621758?
2, 17810879
List the prime factors of 209191839.
3, 769, 90677
What are the prime factors of 360004892?
2, 13, 113, 197, 311
What are the prime factors of 1471399214?
2, 735699607
What are the prime factors of 185860358?
2, 92930179
What are the prime factors of 56119891?
71, 790421
List the prime factors of 3501413069.
7, 11, 45472897
What are the prime factors of 5406576?
2, 3, 7, 16091
List the prime factors of 75133518.
2, 3, 12522253
What are the prime factors of 49067254?
2, 37, 663071
List the prime factors of 301053229.
301053229
What are the prime factors of 29613457?
19, 59, 26417
What are the prime factors of 105789200?
2, 5, 11, 24043
What are the prime factors of 320633605?
5, 64126721
List the prime factors of 96848583.
3, 13, 97, 25601
What are the prime factors of 2651762673?
3, 7, 757, 55603
List the prime factors of 345963636.
2, 3, 1067789
What are the prime factors of 472881842?
2, 19, 179, 3659
List the prime factors of 2700413804.
2, 11, 7039, 8719
What are the prime factors of 2942339191?
11, 367, 728843
List the prime factors of 125266413.
3, 41755471
What are the prime factors of 13061445?
3, 5, 433, 2011
List the prime factors of 690844758.
2, 3, 149, 772757
List the prime factors of 23494384.
2, 1468399
What are the prime factors o